n base 9?
-755881
4323332 (base 6) to base 14
57a52
1012270 (base 10) to base 16
f722e
What is -1011010001111000011011 (base 2) in base 10?
-2956827
Convert -166342 (base 7) to base 14.
-c292
Convert 5b7b0 (base 16) to base 3.
201000222221
-310030 (base 4) to base 2
-110100001100
What is 28456a0 (base 11) in base 10?
4897585
What is -72303 (base 13) in base 11?
-12a990
Convert -1010023120 (base 4) to base 9.
-465054
What is 11324411 (base 5) in base 2?
11001101000010101
-145020254 (base 7) to base 6
-542513525
What is 17d33a (base 14) in base 5?
203434143
What is -1001000001110111100 (base 2) in base 11?
-192321
Convert 214520011 (base 6) to base 8.
16601207
What is -5242122 (base 6) in base 8?
-761042
Convert -1372374 (base 8) to base 16.
-5f4fc
Convert -743410 (base 9) to base 6.
-13250443
13407 (base 9) to base 2
10001101110111
What is 10011101000101110011010 (base 2) in base 8?
23505632
-16093 (base 13) to base 16
-a387
What is 107930a (base 12) in base 16?
30057a
-31002111333 (base 4) to base 8
-15022577
3a859 (base 12) to base 6
1421353
Convert 130101100032 (base 4) to base 5.
3344120302
Convert 23153 (base 12) to base 14.
13115
-10201013010 (base 4) to base 6
-41214220
61036643 (base 7) to base 5
2244142433
What is 80345 (base 16) in base 4?
2000031011
Convert -6b009 (base 12) to base 16.
-23049
13656cd (base 14) to base 10
9388581
What is -52a945 (base 12) in base 16?
-13e6c5
Convert -10106000 (base 9) to base 13.
-1008bb5
-2492 (base 16) to base 4
-2102102
Convert 478507 (base 9) to base 4.
1012121233
Convert -312736 (base 11) to base 2.
-1111010011001011110
What is 2955e (base 15) in base 9?
222188
What is 9011c (base 13) in base 5?
31212433
What is 122071 (base 8) in base 2?
1010010000111001
193a73 (base 11) to base 8
1106167
Convert -12a4404 (base 12) to base 11.
-20a6813
What is 2463a (base 11) in base 6?
431435
Convert -176068 (base 11) to base 3.
-111210120012
What is -51134 (base 13) in base 5?
-14121324
Convert -7600a2 (base 11) to base 2.
-100101000101101010011
Convert 412935 (base 10) to base 2.
1100100110100000111
-2248694 (base 10) to base 12
-9053b2
Convert c38050 (base 16) to base 9.
26087234
188b7e (base 16) to base 13
444226
What is -1110000101110111101 (base 2) in base 12?
-1a3279
Convert 341420 (base 6) to base 9.
43553
What is -102012001200202 (base 3) in base 2?
-10110101011100010011101
What is 6513166 (base 7) in base 8?
3015560
23402323 (base 5) to base 6
4343455
What is -10200012222201 (base 3) in base 7?
-22412554
1084425 (base 9) to base 15
b8eb2
-2000000110 (base 3) to base 13
-14c01
What is -2377 (base 10) in base 9?
-3231
1007717 (base 8) to base 9
445127
What is -131112 (base 5) in base 13?
-2469
What is 267433 (base 10) in base 7?
2162455
Convert -acb90b (base 14) to base 10.
-5871191
What is -653121 (base 10) in base 6?
-21555413
Convert -11b990 (base 12) to base 11.
-188959
What is 356508 (base 15) in base 16?
26f339
Convert -5de9b (base 16) to base 8.
-1357233
11e371 (base 16) to base 6
41043253
Convert 2221111001221 (base 3) to base 16.
17df46
What is -109b91 (base 15) in base 4?
-3001130221
What is -50894 (base 13) in base 15?
-2cb38
Convert 11211222112 (base 3) to base 15.
1d45b
-101020020101201 (base 3) to base 8
-24573363
Convert 5ad7c (base 14) to base 11.
141a20
What is 4a5233 (base 13) in base 14?
345683
Convert -10584 (base 16) to base 8.
-202604
What is 333132311111 (base 4) in base 9?
34273585
What is 11011101000001010100001 (base 2) in base 16?
6e82a1
8565418 (base 11) to base 16
e5fdeb
Convert -120000311 (base 4) to base 6.
-2035205
What is 77406 (base 9) in base 8?
144240
Convert 1236414 (base 7) to base 15.
32956
Convert -70930 (base 11) to base 13.
-3820c
What is -10775203 (base 8) in base 5?
-1100423031
Convert 1d8814 (base 14) to base 6.
34422550
20c62 (base 13) to base 8
163536
What is 268551 (base 12) in base 3?
1012100100221
Convert -45a3 (base 14) to base 7.
-50163
Convert -11001111011001101 (base 2) to base 10.
-106189
Convert -10100210201221 (base 3) to base 15.
-254897
8174303 (base 9) to base 4
100220113302
Convert -576706 (base 12) to base 10.
-1400694
Convert -101110101111 (base 2) to base 13.
-1491
-2151212 (base 7) to base 11
-17084a
9d88 (base 14) to base 3
1101112111
Convert -1113010201 (base 4) to base 10.
-356641
213023001002 (base 4) to base 3
201022201001122
-8a81 (base 11) to base 12
-6ab7
Convert 2d7805 (base 14) to base 13.
43b4a9
Convert 206852 (base 9) to base 5.
12420132
-102556202 (base 7) to base 5
-3030121142
What is -11698 (base 14) in base 3?
-2011020222
Convert -12040122 (base 5) to base 9.
-180456
Convert -946b (base 13) to base 8.
-50072
-15a52c (base 14) to base 2
-10111001001001011100
What is 30572733 (base 8) in base 6?
351001151
-67117 (base 9) to base 16
-ae16
Convert -160bb3 (base 14) to base 13.
-20c9c6
Convert -24303303 (base 5) to base 6.
-4522122
What is 7758262 (base 10) in base 16?
7661b6
Convert 13030013 (base 5) to base 16.
1efa3
413745 (base 9) to base 6
5132452
Convert 1009538 (base 15) to base 7.
166041545
Convert 352644 (base 8) to base 5.
12321403
What is -100001120012 (base 3) in base 15?
-37c5b
Convert -1002113121 (base 4) to base 14.
-710c9
What is -1000000000000011010 (base 2) in base 3?
-111022122000
Convert 24233420 (base 5) to base 11.
145901
What is 55032 (base 10) in base 5?
3230112
What is d93a9 (base 14) in base 9?
878846
What is -757a4a (base 11) in base 13?
-33536b
What is 13111310212 (base 4) in base 11?
10a4906
What is -20332032 (base 7) in base 10?
-1705419
Convert 1212202101012 (base 3) to base 11.
622627
Convert 11001122222000 (base 3) to base 11.
1244821
What is -1326741 (base 9) in base 3?
-1100220211101
What is -23120012 (base 4) in base 15?
-dc18
65fd31 (base 16) to base 5
3202341303
14dee7 (base 15) to base 2
11110110010111011101
What is -a6087 (base 12) in base 9?
-361724
What is -28880 (base 13) in base 3?
-10212110112
6126863 (base 9) to base 10
3265896
5030225 (base 9) to base 4
22031211101
What is -105620 (base 8) in base 14?
-d040
What is 20120411314 (base 5) in base 4?
1030221021003
Convert 70417 (base 10) to base 13.
26089
73111 (base 10) to base 13
2737c
Convert 450455345 (base 6) to base 15.
ab1d15
What is 45536666 (base 8) in base 9?
20526348
Convert -64880a (base 11) to base 13.
-2a3a16
Convert 144165d (base 14) to base 8.
45417643
What is 350588 (base 9) in base 10?
210437
-11232033303 (base 4) to base 16
-16e3f3
-312ca9 (base 14) to base 15
-22bc37
What is 190334 (base 10) in base 8?
563576
Convert 567487 (base 9) to base 7.
2614411
-1110001001101100101110 (base 2) to base 9
-6873725
124b033 (base 12) to base 13
9870a5
Convert 1100111000100101111 (base 2) to base 8.
1470457
What is -2361300 (base 9) in base 11?
-7a4a60
Convert 66cd0a (base 15) to base 5.
2223402220
1110200224 (base 5) to base 8
11206435
What is 6006012 (base 7) in base 12?
2a1849
What is 2004245 (base 6) in base 8?
270105
What is -7233d4 (base 14) in base 15?
-510dc1
What is -404132204 (base 5) in base 3?
-10001211100122
Convert -1604768 (base 9) to base 4.
-3121013000
Convert -387573 (base 9) to base 2.
-111001011011001001
Convert 11122110221002 (base 3) to base 2.
1001011010111110101000
Convert -172699 (base 15) to base 12.
-461376
Convert -1000010011111100 (base 2) to base 9.
-51626
Convert 1354284 (base 9) to base 10.
744547
-466554 (base 7) to base 12
-40720
-83002 (base 9) to base 2
-1101010110010101
What is 100100000000110000001 (base 2) in base 4?
10200012001
What is -120170 (base 9) in base 12?
-35a23
Convert 6431830 (base 10) to base 3.
110002202210221
Convert 19635 (base 12) to base 15.
b048
1201231210 (base 5) to base 4
22201122201
122002210101 (base 3) to base 6
11114314
What is 163209 (base 10) in base 15?
33559
Convert -200302333 (base 4) to base 12.
-658a7
What is 2ffae (base 16) in base 9?
328522
What is -10110101001110101100110 (base 2) in base 6?
-331141114
-3360633 (base 9) to base 5
-430430402
Convert -7535772 (base 9) to base 2.
-1111011010001001111100
293120 (base 10) to base 5
33334440
What is 40930b4 (base 12) in base 14?
187c9a8
1069592 (base 10) to base 8
4051030
Convert 86585 (base 9) to base 3.
2220122212
Convert -1222122210220 (base 3) to base 14.
-1d6c99
Convert -2a6ea (base 15) to base 12.
-6704